 - 7 - n + 0*n**2 + 8. Let t(m) = -m**3 + 9*m**2 - 10*m + 7. Let s(v) = -t(v) + 3*w(v). Calculate s(5).
6
Let m = -517 - -518. Let q(a) = 7*a**3 + a**2 - 3*a + 2. Determine q(m).
7
Let t(l) = -2*l**2 - l + 1. Let p(k) = k**2 - 3*k + 2. Let z be p(3). Let x be -3 - (z - (0 + 2)). Calculate t(x).
-14
Let w be (-2 + -1 + 2)*4. Let y(q) be the third derivative of -7/24*q**4 + 0 - 1/12*q**5 - 1/120*q**6 - q**3 - 12*q**2 + 0*q. Calculate y(w).
6
Let y be 1 + 0 - (-42)/2. Suppose -5*x + 10*j + 20 = 5*j, -5*j + y = 2*x. Let f(q) = 3*q + 2*q + q**3 + 0*q**2 + 5 + q**2 - x*q. What is f(0)?
5
Let w(u) = 2*u - 2*u - 9*u + 6 + 2*u**2 + 18*u. Calculate w(-4).
2
Let v(b) = -3 - 1 + 0 - 35*b + 41*b. Let w(k) = -k. Let n(f) = -v(f) - 3*w(f). What is n(4)?
-8
Let t(b) = 12*b + 4. Let v be t(-2). Let m = 17 + v. Let u(o) = -o**2 - o - 1. Let w be u(m). Let g(k) = k + 5. Calculate g(w).
-2
Let l(w) = 11 - w + 2*w - w - 5 + 2*w. Let o(h) = -6*h**2 + 2*h + 1. Let g be o(-1). Determine l(g).
-8
Suppose -5*y - 17*t = -19*t + 10, 4*y + 5*t = -8. Let l(b) = -10*b**2 + 2. What is l(y)?
-38
Suppose -4*k = -1 + 9. Let i = -2 + 5. Let g(o) = 10*o + o**i + 2*o**2 - 10*o. Give g(k).
0
Let v = -5 + 7. Let h(c) = 10*c - 3*c**2 - 11*c + 4*c**2 + 4*c**v + 5 - c**3. Give h(5).
0
Let a(h) = -9*h - 38 + 18*h + 32 + 0*h + 5*h + h**2. Give a(-12).
-30
Let p(s) = 3*s**3 + 3*s**2 - 1. Suppose -4*u - 5*m + 33 = 0, 10*u - 9*u + 8 = 2*m. What is p(u)?
35
Let h(n) = 2*n**3 + n**2 - n. Let s(k) = -11*k**3 - 19*k**2 - 9*k + 17. Let j(m) = -6*h(m) - s(m). Calculate j(14).
-3
Let s = -17 - -21. Let u(j) = 4 - 6*j + 5*j**2 + 1 + 10*j**3 + 12*j**3 - 23*j**3. What is u(s)?
-3
Let l = 1161 + -1162. Let g(n) = -4*n - 4. Let v = 5 - 9. Let m(z) = -3*z - 5. Let h(q) = v*g(q) + 3*m(q). Give h(l).
-6
Let j(t) = t**3 - 4*t**2 + t - 2. Suppose 40*k - 196 + 36 = 0. Calculate j(k).
2
Let c = -8 + 15. Let x(m) = m**3 - m**2 - 1 + m**2 - c*m**2 + 7*m. Suppose 5*o - 8 = -5*l + 37, 0 = -3*l - 2*o + 24. Calculate x(l).
5
Let o be 1 - (-2)/1 - -2. Let g(w) = o - 3*w + w - 7. Let m(s) = -s**2 - 12*s - 6. Let c be m(-11). What is g(c)?
-12
Let c(m) = 7*m - 13. Let f be c(2). Let t(h) be the second derivative of -2*h**4/3 + h**3/6 + 7*h. Give t(f).
-7
Let z(q) = -q**2 + 7*q + 12. Suppose -3*c + 4*c - 5*d = 34, -2*c + 3*d + 33 = 0. Calculate z(c).
-6
Let j(u) = 4*u**2 - u + 127. Let q(f) = -3*f**2 + 2*f - 101. Let l(v) = -4*j(v) - 5*q(v). Suppose -2*g + 2*w + 8 = 0, -18 = 5*w + 7. Let x = -5 + g. Give l(x).
-3
Let b(z) = z**3 - 5*z**2 - 6*z - 4. Let n(i) = -i**2 + 13*i + 6. Let l(q) = -q + 28. Let c be l(15). Let k be n(c). What is b(k)?
-4
Let d be -13 - (1 - 3 - 0). Let t = -6 - d. Suppose 4*p = 7 + 1, k - 8 = -t*p. Let v(j) = -2*j**2 - 3*j - 2. Determine v(k).
-4
Suppose 0 = -2*i - 4, -i = -3*m + 11 + 9. Let h(v) = -5*v + 20. Determine h(m).
-10
Suppose 5*v = 2*s - 5, 0 = 2*v - 2. Let d(y) = -2*y + 4. Let u(a) = a - 1. Let f be (-3)/6*(-4 - 2). Let i(b) = f*u(b) + d(b). Give i(s).
6
Let k = -6 + 11. Suppose m = k*i - 2*m + 95, i + 3*m + 1 = 0. Let v(h) = -h**2 - 16*h - 5. Let o be v(i). Let y(c) = -c**3 - 5*c**2 + 2*c + 2. Give y(o).
-8
Let c(k) be the third derivative of -k**4/8 - 2*k**3/3 - 4*k**2. Let b be 2 + 25/(-4) - (-8)/32. Calculate c(b).
8
Let c(y) = 8*y**2. Let v(r) = -r**3 - 9*r**2 - r - 10. Suppose n + 25 = 6*n. Suppose -n*a + 7*a + 18 = 0. Let m be v(a). Give c(m).
8
Let w be (19/6)/1 - (-5)/(-30). Let u(k) = -5*k + w*k + 3*k + 0*k - 12. Give u(6).
-6
Let g(h) be the third derivative of 5*h**4/6 - h**3/6 - h**2 - 224*h. Calculate g(1).
19
Let a(u) = u**2 + 5*u + 7. Let w be (-2)/(2*((-39)/(-18) - 2)). Calculate a(w).
13
Let x(i) = -3*i**3 - 3*i**2 + 2*i + 4. Let u = 50 - 52. Determine x(u).
12
Let m(v) = -13192*v - 4*v**2 - 2 + 26373*v - 13191*v. Calculate m(-3).
-8
Let o(j) = j**3 + 2*j**2. Suppose -4*m + 22 = 6. Suppose -1 = -m*u - 9. Let a be o(u). Let s(i) = -i**2 - i - 3. Calculate s(a).
-3
Let r(u) = -u**2 + 11*u + 16. Let l = 659 + -647. What is r(l)?
4
Let x(s) = -13*s - 5. Let g(k) = -3*k + 2. Let v(l) = -2*g(l) + x(l). What is v(-2)?
5
Let b(n) = 2*n**3 - 7*n**2 - 4*n. Let i(h) = -4*h**3 + 16*h**2 + 9*h - 1. Let u(s) = 5*b(s) + 2*i(s). Let z be 1/(2 - 5/3). What is u(z)?
19
Let v(n) be the first derivative of -4 + n - 1/12*n**4 + 1/3*n**3 - 3/2*n**2. Let g(s) be the first derivative of v(s). Determine g(4).
-11
Let b(h) = -3*h + 27. Suppose -4*i + 4*w = -56, 5*w = 7*i - 11*i + 29. What is b(i)?
-6
Let i(q) = q**3 - 8*q**3 + 15*q - 2 - 10*q. Let v(t) = -4*t**3 + 3*t - 1. Let n(g) = 3*i(g) - 5*v(g). What is n(2)?
-9
Let z(p) = 7*p**2 + 4. Let y(s) = -3*s**2 - 2. Let f = 13 - 8. Let n(t) = f*y(t) + 2*z(t). Give n(0).
-2
Suppose -a = 0, -3*w - 3*a = 2*a + 6. Let d = w + -3. Let n be -2 + -9 + (-15)/d. Let q(z) = -z**2 - 10*z - 10. Give q(n).
6
Let g(t) be the first derivative of -4*t**3/3 - 7*t**2/2 + t + 1. Let n(v) = 5*v**2 + 8*v - 2. Let r(u) = -4*g(u) - 3*n(u). What is r(-5)?
7
Let b(x) = -2*x - 18. Let g(a) = 2*a + 19. Let o(k) = 5*b(k) + 4*g(k). Let n be (3 + (-63)/35)/(36/(-300)). Calculate o(n).
6
Let o(i) be the second derivative of -i**4/12 - 4*i**3/3 - 2*i**2 - 145*i. What is o(-7)?
3
Let f(p) = p**3 - p**2 - 2*p + 3. Let i be ((-8)/10)/(2/10). Let v be -2 - (1*i - 2). Let t be 1/(-2 - (-10)/v). Calculate f(t).
3
Suppose -22 + 2 = -4*m. Let d(g) be the first derivative of g**3/3 - 2*g**2 - 3*g - 37. What is d(m)?
2
Let l be 4/(-26) + (-288)/156. Let m(x) = 1. Let b(w) = w + 2. Let h(k) = l*b(k) + 3*m(k). Calculate h(-1).
1
Let y(d) = 6*d**2 + 21*d - 2. Let h(f) = -3*f**2 - 12*f + 1. Let o(r) = -7*h(r) - 4*y(r). Calculate o(2).
-11
Let w(m) = 11*m**2 + 17*m + 11. Let v(d) = 24*d**2 + 36*d + 23. Let t(l) = 6*v(l) - 13*w(l). Give t(6).
1
Let v = 33 - 19. Suppose 18*r = v*r. Let t be (0/(-9))/(r - 2). Let x(q) = -q**3 + q**2 - q + 20. Determine x(t).
20
Let q(w) = 3*w**2 - 2*w - 2. Suppose 2*b - 56 = -3*b - 2*y, -3*y = -3*b + 21. Suppose 6 = 4*n - b. Suppose 5*h + 5 = -5*z, 0*z = n*h + z - 5. Determine q(h).
6
Suppose 0 = -6*f + 9*f - 9. Let y be f*2*9/27. Let b(d) = d - 21*d**2 + 4 - 7*d + 0 + 22*d**y. Give b(4).
-4
Let a(l) = -25*l + 1. Suppose 0 = -50*z + 47*z + 3. Determine a(z).
-24
Let z(r) = -12*r - 1. Let f(q) = -2193*q**2 - 5*q + q**3 + 4 + 2193*q**2. Let p be f(2). Determine z(p).
-25
Let u(d) = d**2 + 4 - 18 + 38*d - 54*d - 3. Give u(17).
0
Let x be (6 - 1)*((-24)/(-15))/4. Let j(z) = -21 + z**2 - x*z + 12*z + 24. What is j(-10)?
3
Let l be 6/21 + ((-10)/35 - -1). Let z(m) = -3*m**3 + 2*m**2 - 1. What is z(l)?
-2
Let y(h) be the first derivative of 1/4*h**4 + 3*h + 7/3*h**3 + 3 + 7/2*h**2. Suppose -4*d - 2*l = -3*d + 12, 0 = 3*d - 5*l + 3. What is y(d)?
-3
Let k(g) = g - 14. Let r be k(9). Let s = 1 + r. Let c(o) = -2*o**3 - o**2 + 12*o. Let t(v) = -v**3 + 6*v - 1. Let w(l) = 3*c(l) - 5*t(l). Calculate w(s).
-3
Let w(j) be the second derivative of -j**5/10 - j**4/12 + j**3/2 - j**2 - 93*j - 1. Determine w(-3).
34
Let a(i) = i + 6. Let r be a(-5). Suppose m = r - 0, 0 = f - m. Let p(o) = 8*o - 9*o + 0 + 1 + 4*o. Determine p(f).
4
Let i(y) = -y - 6. Let c = -14 + 24. Let g be (-46)/c + (-3 - (-52)/20). Determine i(g).
-1
Suppose -r + 4*r + 3 = 0. Let k(t) = 174*t + 20. Let j(o) = 148*o + 17. Let h(x) = 7*j(x) - 6*k(x). Determine h(r).
7
Let x(o) = -o**2 - 3*o + 61. Let i be x(-9). Let l(t) = -t**2 + 3*t + 1. What is l(i)?
-27
Let m(p) = -p**2 - 5*p - 3. Let f(d) = 2*d**2 - d + 6. Let a be f(-3). Let t(s) = -9*s**2 - s + 2. Let o be t(-2). Let u = o + a. Give m(u).
-3
Let w(b) = b**3 + 3*b**2 - 6*b - 2. Let j(r) = -3*r - 1. Let l be j(-6). Suppose l = -4*p - 5*h, 0 = 4*p + h - 0*h + 29. Let i be (p/6)/(1/3). Give w(i).
6
Suppose -40*i + 41 = -39. Let t(n) = 5*n - 3 - 2*n + 2*n. What is t(i)?
7
Let q = 214 - 215. Let s(p) = 15*p**2 - 2*p - 1. Calculate s(q).
16
Let h(o) be the third derivative of -o**4/12 + 11*o**3/6 - 37*o**2 + 1. Give h(5).
1
Let d(j) = j - 5. Let l(w) = -3*w + 11. Let h(a) = -5*d(a) - 2*l(a). Determine h(3).
6
Let q(m) = 13*m**2 + 4*m**2 - 4*m**2 + 4*m**2 + 2*m**2 - m. Determine q(-1).
20
Let f(y) be the third derivative of 0*y - 39*y**2 + 0*y**3 - 7/60*y**5 + 0 - 1/4*y**4 - 1/120*y**6. Give f(-6).
0
Let w(i) = i + 1. Let l = 119 - 124. Calculate w(l).
-4